1627 = 0. Let p(o) = -o**2 - 4*o - 3. Let m be p(-3). Let y be 18 + m + 0 + 0. What is the highest common divisor of y and k?
18
Let d be 1 + (-5)/8 - 443417524/(-23584). What is the greatest common divisor of 136 and d?
34
Suppose 40 - 210 = -17*q. Suppose q*l + 2025 = 35*l. Calculate the highest common divisor of l and 18.
9
Let n = 92 - -88. Let i = n - 112. What is the highest common divisor of i and 34?
34
Let o = 1450 - 1303. Calculate the highest common factor of 189 and o.
21
Suppose 0 = 2*o + 4, -173*l = -174*l - 2*o + 12416. What is the greatest common divisor of 230 and l?
230
Let t be 31*39 - 20/10 - -4. Suppose 14*k + t = 5943. Calculate the highest common factor of k and 52.
26
Suppose 68*b + 31*b = -34*b + 128744. Calculate the greatest common divisor of b and 132.
44
Let k = 18610 + -18607. Let j be ((-1)/(-3))/(1/3). Suppose 0 = k*f - 13 + j. Calculate the highest common factor of 4 and f.
4
Let k(n) = n**3 - 3*n**2 + 15*n - 56. Let p(d) = d**3 + 48*d**2 + 4. Let y be p(-48). Let z be k(y). What is the greatest common divisor of z and 460?
20
Let i(d) = -10*d**3 - 73*d**2 - 172*d. Let g be i(-3). What is the highest common factor of g and 6751?
43
Suppose 3*u + 10 + 2 = 0, 5*r = 2*u + 5518. Calculate the greatest common factor of 174 and r.
58
Let s be (83 - -499) + (-2 - 20). What is the greatest common factor of 4240 and s?
80
Suppose -2*m = -2*j - 8764, 0 = -6*m + 254*j - 252*j + 26308. Calculate the greatest common factor of 153 and m.
51
Let n be 2 + (2 + -1)/(63/16884). Suppose 5*i + 24 = i. Let b be i/(-18) + (-178)/(-6). Calculate the greatest common factor of b and n.
30
Let n = -5 + 174. Let h = n - 162. What is the highest common divisor of 3 and h?
1
Let p(z) = 38*z + 5. Let c(n) = 152*n + 23. Let h(l) = -2*c(l) + 9*p(l). Let f be h(2). Calculate the highest common factor of f and 30.
15
Let l(y) = 37*y + 34. Let d be l(8). Suppose 4*i + 2*a - 98 = i, 0 = 4*i - 3*a - 108. What is the greatest common divisor of i and d?
30
Let l be (-5)/((-2)/46*1). Suppose -540 = 5*w - 4*k, -5*k + k = 20. Let g = -66 - w. Calculate the greatest common factor of g and l.
23
Let a(v) = -v**2 - 1. Let o(f) = 81*f**2 - 3*f - 2. Let s(n) = a(n) + o(n). Let w = -287 - -286. Let d be s(w). Calculate the highest common factor of 8 and d.
8
Let k = -7655 + 7754. What is the highest common divisor of 88 and k?
11
Suppose -530407 = -241*g + 198077 + 106340. What is the greatest common divisor of g and 40?
8
Let c = 791 + -746. What is the highest common factor of 175 and c?
5
Let p be (-2 - -1)*6*(-5432)/42. What is the highest common divisor of 8 and p?
8
Suppose 4*z + 4*k = -k + 4, -4*k = 0. Suppose -g = -19 + 31. Let t be ((-2)/(-2))/(g/(-60)). What is the greatest common divisor of z and t?
1
Let r = 51330 - 33378. What is the highest common divisor of r and 12?
12
Suppose -8*y + 73 = -31. Suppose 0 = -a - y + 34. Let u = -18 + 21. Calculate the highest common divisor of a and u.
3
Suppose -5*t + 281 = -4*v, v + 2*v + t + 225 = 0. Let z = -74 - v. Suppose 0*g - 2*g + 28 = z. Calculate the highest common divisor of 49 and g.
7
Let r = -10239 + 10451. Calculate the greatest common factor of 5 and r.
1
Suppose -8*h + 4*i - 146 = -13*h, -h - 5*i + 4 = 0. Calculate the highest common factor of h and 9146.
34
Let n be 4/10 + -6*4986/540. Let t(k) = -k**3 + 8*k**2 - 2*k + 6. Let y be t(6). Let v = y + n. What is the greatest common factor of v and 11?
11
Let u(s) = -s**3 - 18*s**2 + 132*s + 2675. Let j be u(-36). Calculate the highest common factor of j and 79.
79
Let x(w) = -w**3 - 9*w**2 + w**2 + 0*w - 1 - 9*w. Let b be x(-7). Suppose 0 = 5*f + 2*n - 530, 3*n - 29 = -14. Calculate the highest common divisor of b and f.
13
Let f be -1 + 0 - -26*5/10. Suppose f*p - p = 451. Calculate the highest common divisor of 697 and p.
41
Let f(m) = -m**3 - 27*m**2 - 7*m - 22. Let l be f(-27). Suppose l = -7*h + 818. Calculate the highest common factor of h and 124.
31
Suppose 15*w - 521 = -3*z + 16*w, -155 = -z + 3*w. Calculate the greatest common divisor of z and 121.
11
Suppose -4*a = -4*k - 12, k + 2 = 3*a - 1. Let v be (-19 - -2 - -3)*(a - 1). Let b be 24/(-28)*v/(-1). What is the highest common factor of 168 and b?
12
Suppose 9 = 6*x - 9*x, 0 = i + 2*x + 4. Suppose -2*r + 5 = 5*k, 5*r + i*k - 4 = 4*r. What is the greatest common factor of 55 and r?
5
Let f(j) = 51*j**2 + 3*j + 5. Let t be f(4). Let g = -13486 + 13503. Calculate the highest common divisor of g and t.
17
Let w = 17220 + -15575. What is the greatest common divisor of 940 and w?
235
Suppose -3*h - 4*z + 299 + 0 = 0, -11*h = -z - 971. Calculate the greatest common factor of h and 41296.
89
Let x(g) = -1958*g - 3850. Let l be x(-2). Suppose m - 24 = -4*h - 0*m, 3*h = 5*m + 18. Calculate the greatest common factor of h and l.
6
Let r be ((-2)/(-6))/(22/5940). Let w be (-866)/(-10) + 12*3/r. What is the greatest common divisor of 58 and w?
29
Let m(p) = -2*p**3 - 8*p**2 + 6*p - 16. Let t be m(-5). Suppose t = -4*u - 4, -5*u + 94 = 2*c. What is the highest common factor of 13 and c?
13
Suppose 3*m = -3*u + 14223, -u - 5*m + 3836 = -925. What is the greatest common divisor of u and 74?
74
Let s(w) = 5*w**3 + 40*w**2 + 5*w + 98. Let u be s(-7). Calculate the highest common factor of 56 and u.
28
Let h be (-2)/4*(-16 + -2). Suppose 4*c - 2*c - 36 = -3*n, 0 = -5*c - 4*n + 69. What is the greatest common factor of h and c?
9
Let r be (48/28)/((-2)/(-14)). Suppose 537 = 7*p - 639. Suppose r*c - 15*c = -p. What is the highest common factor of 14 and c?
14
Suppose -48*j + 4915 = -1488 + 1027. Calculate the highest common factor of 119 and j.
7
Suppose 40 = s + 3*m, -2*m = -415*s + 411*s + 132. Calculate the highest common factor of s and 4250.
34
Let l(w) = -45*w**3 - 6*w**2 + 7*w + 1. Let f be l(3). Let b be (-86)/f + 4928/29. What is the highest common divisor of 5 and b?
5
Let n = 5644 - 5580. What is the highest common divisor of 1344 and n?
64
Let w(d) = -2*d**3 - 7*d**2 - 9*d + 2. Let t be w(-4). Let b be 30/(6/9*t/24). Calculate the greatest common divisor of b and 30.
10
Let g = 522 - 518. Suppose 24*o + g*o - 3248 = 0. Let u(l) = 2*l**3 - 2*l**2 - l - 4. Let n be u(3). What is the greatest common factor of n and o?
29
Let v(j) = 2*j**2 - 3*j. Let w be v(-4). Let n(o) = -o**3 + 14*o**2 - 262*o + 1592. Let q be n(6). Calculate the greatest common divisor of w and q.
44
Let u(v) be the third derivative of -5*v**4/6 - 85*v**3/6 - 12*v**2. Let y be u(-16). What is the highest common factor of y and 5?
5
Suppose -2*b - 2 = 0, w + 2*b = 2123 + 7322. Calculate the greatest common divisor of w and 603.
201
Let c = 4209 - 4169. What is the greatest common divisor of 456 and c?
8
Let f = 393 - 397. Let q be 15/60 - 159/f. Calculate the greatest common factor of q and 140.
20
Suppose -3*r - 64 = -5*d - 834, 2*r - 528 = -4*d. Let m = r - 100. Suppose 896 = -178*g + 192*g. What is the greatest common divisor of g and m?
32
Let m = -6169 + 6231. Suppose i + 21 = -5*o, -2*i - 2*o - 74 = -0*i. Let f = m + i. What is the greatest common divisor of f and 14?
7
Let b(h) = -h**2 + 5*h + 3. Let r be b(4). Let u(l) = -l**3 + 7*l**2 + 0*l + 0*l**3 - 7 + 3*l. Let y be u(r). What is the highest common divisor of 70 and y?
14
Suppose 0 = 3*c - c - 8. Suppose 3*o + 783 = c*g, -4*g - 3*o + 777 = -0*o. What is the greatest common divisor of 15 and g?
15
Let n = -382 - -495. What is the greatest common divisor of n and 4859?
113
Suppose -24*v - 71*v + 287470 = 0. Calculate the highest common divisor of 17 and v.
17
Suppose 2*f + 43 = -3*u + f, u + 17 = -3*f. Let r(i) = 8*i + 172. Let w be r(u). Calculate the greatest common factor of w and 20.
20
Let z(s) = s**3 + 3*s**2 + s + 171. Let k be z(0). Let h = k + -65. Calculate the highest common factor of 53 and h.
53
Let u = -638 - -650. Let g = -46 - -58. Let c be 16/g + 464/3. Calculate the highest common factor of c and u.
12
Let m be 181/5 + 37/(-185). Calculate the highest common divisor of 348 and m.
12
Let q(b) = b**2 - 4*b + 8. Let f be q(-9). Let o = -119 + f. Suppose 7*t = o*t - 2*u + 20, -t + 4*u = -14. What is the greatest common factor of 36 and t?
18
Let k(p) = -p**3 - 9*p**2 - 7*p + 13. Let o be k(-8). Suppose 6*n = o*n + 21. Calculate the greatest common 